mber?
False
Is 17001331 composite?
True
Is 1106971 prime?
False
Is 13725535 a prime number?
False
Is 40166843 composite?
False
Is 283004257 composite?
True
Is 418597 a prime number?
True
Is 563777 a composite number?
False
Is 3348263 a prime number?
True
Is 9708994 composite?
True
Is 225379153 prime?
False
Is 15692239 a composite number?
False
Is 51541078 composite?
True
Is 65546009 prime?
True
Is 10431227 composite?
True
Is 5494777 a composite number?
False
Is 26976853 a prime number?
True
Is 380355821 a composite number?
True
Is 142602322 a prime number?
False
Is 12060179 composite?
True
Is 54855371 a prime number?
False
Is 10955911 prime?
True
Is 2121985 composite?
True
Is 391079483 a composite number?
True
Is 7058449 a composite number?
False
Is 18122191 prime?
True
Is 19351246 a composite number?
True
Is 14662685 prime?
False
Is 6336467 prime?
True
Is 114410941 prime?
False
Is 21496723 composite?
False
Is 70481617 a prime number?
False
Is 4372685 prime?
False
Is 2771 a prime number?
False
Is 174598343 prime?
False
Is 156307 prime?
True
Is 4608763 a composite number?
True
Is 98269994 a composite number?
True
Is 3003403 a prime number?
False
Is 351355 composite?
True
Is 127732379 prime?
True
Is 495491 composite?
False
Is 2248837 composite?
False
Is 367018397 prime?
True
Is 126982993 a prime number?
True
Is 9731083 prime?
False
Is 59200321 a composite number?
True
Is 33111377 a composite number?
True
Is 372761923 prime?
True
Is 1039421 a prime number?
True
Is 184208893 prime?
False
Is 13046849 composite?
False
Is 13395713 a prime number?
True
Is 6493501 a composite number?
True
Is 14717863 a prime number?
True
Is 13174139 a prime number?
False
Is 888817 composite?
True
Is 32204387 a prime number?
True
Is 13320677 a prime number?
True
Is 2669891 prime?
False
Is 37145649 composite?
True
Is 11129603 prime?
True
Is 5386877 a composite number?
True
Is 404659879 a composite number?
True
Is 1539598 prime?
False
Is 970129691 a composite number?
True
Is 3761149 prime?
False
Is 6479191 composite?
False
Is 11932097 a prime number?
False
Is 4158673 prime?
True
Is 179519 prime?
True
Is 1382873 prime?
False
Is 4424333 a prime number?
True
Is 141745 a prime number?
False
Is 3989641 composite?
False
Is 67499879 a prime number?
True
Is 690457 a composite number?
True
Is 34336063 composite?
False
Is 2293391 prime?
True
Is 1530681 prime?
False
Is 3424679 composite?
False
Is 2694605 prime?
False
Is 178831 a prime number?
True
Is 388344205 composite?
True
Is 38621077 a composite number?
True
Is 85150687 a prime number?
True
Is 46999613 prime?
True
Is 102043549 prime?
True
Is 954061 composite?
True
Is 391461781 a composite number?
True
Is 8692165 a composite number?
True
Is 110464817 composite?
False
Is 17639255 a composite number?
True
Is 244067 composite?
True
Is 6048353 a composite number?
True
Is 162190991 composite?
False
Is 6824413 composite?
False
Is 8227993 a composite number?
False
Is 447582997 a prime number?
True
Is 18309457 composite?
False
Is 4007851 prime?
True
Is 1523323 prime?
True
Is 1860479 a prime number?
True
Is 6072181 composite?
True
Is 16155853 a composite number?
True
Is 68903 composite?
False
Is 67770034 composite?
True
Is 2484959 a prime number?
True
Is 1094711 prime?
True
Is 2505499 a prime number?
True
Is 5723954 a prime number?
False
Is 2272073 a prime number?
True
Is 9773381 a prime number?
True
Is 11356903 a prime number?
True
Is 5157631 a composite number?
True
Is 59669359 a composite number?
False
Is 51930083 a composite number?
True
Is 1182619 composite?
True
Is 25556129 a composite number?
False
Is 23324947 a prime number?
False
Is 135151 a prime number?
True
Is 50349289 a composite number?
True
Is 207379 prime?
False
Is 2516929 a prime number?
True
Is 48527243 a prime number?
True
Is 870127 a composite number?
False
Is 1808687 a prime number?
True
Is 58628287 prime?
False
Is 456733 a composite number?
True
Is 4372723 prime?
False
Is 18444017 prime?
False
Is 462067 a prime number?
True
Is 20574409 prime?
True
Is 7806863 prime?
True
Is 159419833 a prime number?
True
Is 1236017 prime?
True
Is 2616331 a prime number?
True
Is 6064543 composite?
False
Is 45969101 prime?
False
Is 5341835 a composite number?
True
Is 79233487 prime?
True
Is 208780079 a prime number?
False
Is 3215381 a prime number?
False
Is 4122557 prime?
True
Is 25119733 a prime number?
True
Is 2165525935 prime?
False
Is 47008747 composite?
True
Is 4438217 composite?
True
Is 5469043 a prime number?
True
Is 3509999 prime?
True
Is 6207671 a prime number?
True
Is 66523189 a composite number?
True
Is 647791 composite?
True
Is 61055801 composite?
False
Is 25124569 prime?
True
Is 4301197 a composite number?
False
Is 11109727 a prime number?
True
Is 24979841 prime?
True
Is 10763957 a composite number?
False
Is 2699867 a composite number?
False
Is 157101749 composite?
True
Is 7232363 composite?
False
Is 6014717 a prime number?
True
Is 13101377 a prime number?
True
Is 2681803 composite?
False
Is 3685111 prime?
True
Is 3168097 prime?
True
Is 27871801 composite?
True
Is 137599661 prime?
True
Is 5602091 prime?
False
Is 182430803 a prime number?
True
Is 14209241 prime?
True
Is 22715083 prime?
True
Is 411634 composite?
True
Is 513917 prime?
True
Is 39812411 prime?
True
Is 1364971 prime?
True
Is 202490287 a composite number?
False
Is 16539119 a prime number?
True
Is 59590969 a prime number?
False
Is 15076513 a prime number?
True
Is 2931707 a prime number?
True
Is 94832873 composite?
True
Is 41257127 prime?
True
Is 262104211 prime?
True
Is 204092857 a composite number?
False
Is 62901155 a prime number?
False
Is 1664123 composite?
False
Is 4863941 composite?
False
Is 237870463 a composite number?
False
Is 271043 composite?
False
Is 1045217 a composite number?
True
Is 158454493 prime?
True
Is 106369349 prime?
True
Is 722431315 prime?
False
Is 36141799 composite?
False
Is 10118033 a prime number?
False
Is 138504131 composite?
False
Is 6217849 composite?
True
Is 1624501 composite?
False
Is 309116029 a prime number?
False
Is 99037921 composite?
False
Is 4252043 a composite number?
True
Is 132217213 a composite number?
True
Is 6291119 a prime number?
True
Is 2033299 composite?
False
Is 3449353 composite?
False
Is 5669135 a prime number?
False
Is 4739827 a prime number?
False
Is 25500355 composite?
True
Is 8434723 a composite number?
True
Is 11927255 a prime number?
False
Is 558289 prime?
True
Is 2288791 composite?
True
Is 280144951 composite?
False
Is 217823 composite?
False
Is 1278253 a composite number?
False
Is 23813221 prime?
True
Is 30338551 composite?
True
Is 5473603 prime?
False
Is 12398047 composite?
True
Is 168428153 a composite number?
False
Is 35569823 a prime number?
False
Is 1167253 a prime number?
False
Is 106686127 composite?
False
Is 213823 composite?
True
Is 1156117 a prime number?
False
Is 272111921 a composite number?
False
Is 18406571 composite?
False
Is 5089309 composite?
True
Is 38141381 a composite number?
True
Is 16621 prime?
False
Is 419447 prime?
False
Is 19307579 prime?
True
Is 743297 a composite number?
False
Is 2346397 a prime number?
True
Is 276629297 prime?
False
Is 16590677 a composite number?
False
Is 338417 prime?
False
Is 3389294 prime?
False
Is 4101323 composite?
True
Is 2976289 a prime number?
True
Is 11690351 prime?
False
Is 2504629 a prime number?
True
Is 135611071 composite?
False
Is 1522769 prime?
True
Is 96555743 a composite number?
False
Is 90468949 a composite number?
False
Is 5087263 prime?
True
Is 271807 composite?
False
Is 10591081 a prime number?
True
Is 2034847 prime?
False
Is 212253319 composite?
True
Is 139967 a prime number?
True
Is 151937 prime?
True
Is 22322611 composite?
True
Is 4423345 prime?
False
Is 692749 a composite number?
True
Is 12743837 a composite number?
False
Is 492138677 a composite number?
False
Is 770741 a prime number?
True
Is 15020857 prime?
True
Is 309770633 prime?
True
Is 32303543 prime?
False
Is 1491995 composite?
True
Is 4646281 a prime number?
True
Is 4861301 a composite number?
False
Is 9322063 prime?
False
Is 119023 prime?
False
Is 240380249 prime?
True
Is 2412471 composite?
True
Is 131311105 a composite number?
True
Is 25147129 prime?
False
Is 418547 a composite number?
True
Is 14125967 prime?
True
Is 33536